{"id":252,"date":"2016-01-12T13:31:12","date_gmt":"2016-01-12T12:31:12","guid":{"rendered":"http:\/\/ccparadas.pt\/site\/?page_id=252"},"modified":"2016-01-12T15:28:13","modified_gmt":"2016-01-12T14:28:13","slug":"lar-de-idosos-erpi","status":"publish","type":"page","link":"http:\/\/ccparadas.pt\/site\/lar-de-idosos-erpi\/","title":{"rendered":"Lar de Idosos (ERPI)"},"content":{"rendered":"<p style=\"text-align: justify;\">A Estrutura Residencial para Idosos \u00e9 uma resid\u00eancia coletiva que desenvolve atividades de apoio social a pessoas idosas e pessoas em situa\u00e7\u00e3o de depend\u00eancia desinseridas do seu meio familiar e\/ou social, expressando livremente a sua vontade em serem admitidas.<\/p>\n<p style=\"text-align: justify;\">Em caso de incapacidade na livre express\u00e3o dessa vontade, o pedido de admiss\u00e3o poder\u00e1 ser formulado por um familiar ou representante legal que assuma a responsabilidade pelo internamento.<\/p>\n","protected":false},"excerpt":{"rendered":"<p>A Estrutura Residencial para Idosos \u00e9 uma resid\u00eancia coletiva que desenvolve atividades de apoio social a pessoas idosas e pessoas em situa\u00e7\u00e3o de depend\u00eancia desinseridas do seu meio familiar e\/ou social, expressando livremente a sua vontade em serem admitidas. Em caso de incapacidade na livre express\u00e3o dessa vontade, o pedido de admiss\u00e3o poder\u00e1 ser formulado &hellip;<\/p>\n<p class=\"read-more\"> <a class=\"\" href=\"http:\/\/ccparadas.pt\/site\/lar-de-idosos-erpi\/\"> <span class=\"screen-reader-text\">Lar de Idosos (ERPI)<\/span> Read More &raquo;<\/a><\/p>\n","protected":false},"author":1,"featured_media":0,"parent":0,"menu_order":0,"comment_status":"closed","ping_status":"closed","template":"","meta":{"site-sidebar-layout":"","site-content-layout":"","ast-main-header-display":"","ast-hfb-above-header-display":"","ast-hfb-below-header-display":"","ast-hfb-mobile-header-display":"","site-post-title":"","ast-breadcrumbs-content":"","ast-featured-img":"","footer-sml-layout":"","theme-transparent-header-meta":"","adv-header-id-meta":"","stick-header-meta":"","header-above-stick-meta":"","header-main-stick-meta":"","header-below-stick-meta":""},"_links":{"self":[{"href":"http:\/\/ccparadas.pt\/site\/wp-json\/wp\/v2\/pages\/252"}],"collection":[{"href":"http:\/\/ccparadas.pt\/site\/wp-json\/wp\/v2\/pages"}],"about":[{"href":"http:\/\/ccparadas.pt\/site\/wp-json\/wp\/v2\/types\/page"}],"author":[{"embeddable":true,"href":"http:\/\/ccparadas.pt\/site\/wp-json\/wp\/v2\/users\/1"}],"replies":[{"embeddable":true,"href":"http:\/\/ccparadas.pt\/site\/wp-json\/wp\/v2\/comments?post=252"}],"version-history":[{"count":2,"href":"http:\/\/ccparadas.pt\/site\/wp-json\/wp\/v2\/pages\/252\/revisions"}],"predecessor-version":[{"id":319,"href":"http:\/\/ccparadas.pt\/site\/wp-json\/wp\/v2\/pages\/252\/revisions\/319"}],"wp:attachment":[{"href":"http:\/\/ccparadas.pt\/site\/wp-json\/wp\/v2\/media?parent=252"}],"curies":[{"name":"wp","href":"https:\/\/api.w.org\/{rel}","templated":true}]}}