{"id":235,"date":"2016-01-12T13:19:37","date_gmt":"2016-01-12T12:19:37","guid":{"rendered":"http:\/\/ccparadas.pt\/site\/?page_id=235"},"modified":"2016-01-12T15:26:15","modified_gmt":"2016-01-12T14:26:15","slug":"creche","status":"publish","type":"page","link":"http:\/\/ccparadas.pt\/site\/creche\/","title":{"rendered":"Creche"},"content":{"rendered":"<p style=\"text-align: justify;\">Esta resposta social pretende:<\/p>\n<ol>\n<li style=\"text-align: justify;\">Proporcionar condi\u00e7\u00f5es para o desenvolvimento da crian\u00e7a para a autonomia e confian\u00e7a, numa l\u00f3gica integral (adequando \u00e0s necessidades socioemocionais, cognitivas e motoras), num ambiente de seguran\u00e7a f\u00edsica e afetiva;<\/li>\n<li style=\"text-align: justify;\">Despertar a crian\u00e7a para o meio\/mundo que a rodeia;<\/li>\n<li style=\"text-align: justify;\">Desenvolver e\/ou aperfei\u00e7oar a linguagem oral;<\/li>\n<li style=\"text-align: justify;\">Ajudar a crian\u00e7a a tomar consci\u00eancia de si pr\u00f3pria e dos outros: respeitar o brincar do outro;<\/li>\n<li style=\"text-align: justify;\">Valorizar aquilo que a crian\u00e7a j\u00e1 consegue fazer e partir da\u00ed para novas descobertas;<\/li>\n<li style=\"text-align: justify;\">Estimular os sentidos da crian\u00e7a, como: ouvir, observar, cheirar, provar, mexer\u2026;<\/li>\n<li style=\"text-align: justify;\">Dar \u00e0 crian\u00e7a espa\u00e7o para autodescobertas;<\/li>\n<li style=\"text-align: justify;\">Proporcionar um clima est\u00e1vel, equilibrado, onde a crian\u00e7a se sinta confiante;<\/li>\n<li style=\"text-align: justify;\">Ajudar a crian\u00e7a a ultrapassar as suas dificuldades aos diversos n\u00edveis: socioemocional, grupal, motor, f\u00edsico, cognitivo \u2013 tendo em conta o que a crian\u00e7a \u00e9 enquanto ser individual e \u00fanico;<\/li>\n<li style=\"text-align: justify;\">Ajudar a crian\u00e7a a \u201cdescentrar-se\u201d do seu \u201ceu\u201d tipicamente egoc\u00eantrico, contribuindo assim para um funcionamento harmonioso dentro da sala, iniciando o esp\u00edrito de grupo;<\/li>\n<li style=\"text-align: justify;\">Valorizar cada descoberta em cada dia, pois cada dia dentro da sala \u00e9 diferente, com novos desafios, descobertas, frustra\u00e7\u00f5es, anseios, desejos e necessidades;<\/li>\n<li style=\"text-align: justify;\">Facilitar a concilia\u00e7\u00e3o da vida familiar e profissional do agregado familiar;<\/li>\n<li style=\"text-align: justify;\">Promover a articula\u00e7\u00e3o com outros servi\u00e7os existentes na comunidade;<\/li>\n<li style=\"text-align: justify;\">Prevenir e despistar precocemente qualquer inadapta\u00e7\u00e3o, defici\u00eancia ou situa\u00e7\u00e3o de risco, assegurando o encaminhamento mais adequado.<\/li>\n<\/ol>\n","protected":false},"excerpt":{"rendered":"<p>Esta resposta social pretende: Proporcionar condi\u00e7\u00f5es para o desenvolvimento da crian\u00e7a para a autonomia e confian\u00e7a, numa l\u00f3gica integral (adequando \u00e0s necessidades socioemocionais, cognitivas e motoras), num ambiente de seguran\u00e7a f\u00edsica e afetiva; Despertar a crian\u00e7a para o meio\/mundo que a rodeia; Desenvolver e\/ou aperfei\u00e7oar a linguagem oral; Ajudar a crian\u00e7a a tomar consci\u00eancia de &hellip;<\/p>\n<p class=\"read-more\"> <a class=\"\" href=\"http:\/\/ccparadas.pt\/site\/creche\/\"> <span class=\"screen-reader-text\">Creche<\/span> Read More &raquo;<\/a><\/p>\n","protected":false},"author":1,"featured_media":0,"parent":0,"menu_order":0,"comment_status":"closed","ping_status":"closed","template":"","meta":{"site-sidebar-layout":"","site-content-layout":"","ast-main-header-display":"","ast-hfb-above-header-display":"","ast-hfb-below-header-display":"","ast-hfb-mobile-header-display":"","site-post-title":"","ast-breadcrumbs-content":"","ast-featured-img":"","footer-sml-layout":"","theme-transparent-header-meta":"","adv-header-id-meta":"","stick-header-meta":"","header-above-stick-meta":"","header-main-stick-meta":"","header-below-stick-meta":""},"_links":{"self":[{"href":"http:\/\/ccparadas.pt\/site\/wp-json\/wp\/v2\/pages\/235"}],"collection":[{"href":"http:\/\/ccparadas.pt\/site\/wp-json\/wp\/v2\/pages"}],"about":[{"href":"http:\/\/ccparadas.pt\/site\/wp-json\/wp\/v2\/types\/page"}],"author":[{"embeddable":true,"href":"http:\/\/ccparadas.pt\/site\/wp-json\/wp\/v2\/users\/1"}],"replies":[{"embeddable":true,"href":"http:\/\/ccparadas.pt\/site\/wp-json\/wp\/v2\/comments?post=235"}],"version-history":[{"count":3,"href":"http:\/\/ccparadas.pt\/site\/wp-json\/wp\/v2\/pages\/235\/revisions"}],"predecessor-version":[{"id":14282,"href":"http:\/\/ccparadas.pt\/site\/wp-json\/wp\/v2\/pages\/235\/revisions\/14282"}],"wp:attachment":[{"href":"http:\/\/ccparadas.pt\/site\/wp-json\/wp\/v2\/media?parent=235"}],"curies":[{"name":"wp","href":"https:\/\/api.w.org\/{rel}","templated":true}]}}